{"id":2,"date":"2010-12-16T20:44:23","date_gmt":"2010-12-16T19:44:23","guid":{"rendered":""},"modified":"2010-12-28T21:58:16","modified_gmt":"2010-12-28T20:58:16","slug":"gallery-2010","status":"publish","type":"page","link":"https:\/\/www.atelier-helga.at\/","title":{"rendered":"Die K\u00fcnstlerin"},"content":{"rendered":"<p><a href=\"http:\/\/www.atelier-helga.at\/wp-content\/Portrait3.jpg\"><\/a>\u00a0<\/p>\n<h2><span style=\"color: #993366;\">Hallo, mein Name ist Helga.<\/span><\/h2>\n<p>Kunst ist mir seit meiner Kindheit Anliegen und\u00a0Passion.<\/p>\n<p><a href=\"http:\/\/www.atelier-helga.at\/wp-content\/Portrait3.jpg\"><\/a>\u00a0<img loading=\"lazy\" decoding=\"async\" class=\"alignright size-medium wp-image-16\" style=\"margin: 2px; border: black 1px solid;\" title=\"Helga\" src=\"http:\/\/www.atelier-helga.at\/wp-content\/Portrait3-224x300.jpg\" alt=\"Helga\" width=\"66\" height=\"90\" \/><\/p>\n<p style=\"padding-left: 30px;\">Sie umgibt mich \u00fcberall und zeigt sich in Kleidung, Schmuck, Blumen, Arrangements und Malerei. Mit all diesen Aspekten besch\u00e4ftige ich mich in abwechselnder Intensit\u00e4t und erstelle dabei Werke die ich selbst nutze, verschenke oder einfach nur ansehe. Aufgrund der positiven Reaktionen auf meine Arbeiten habe ich mich entschlossen, sie allen zu pr\u00e4sentieren. M\u00f6gen die hier gezeigten Exponate Anregung, Erbauung, Inspiration oder Unterhaltung sein &#8211; einige Sekunden Aufmerksamkeit f\u00fcr das Sch\u00f6ne haben sie Ihnen, lieber Besucher hoffentlich beschert.<\/p>\n<p><a href=\"http:\/\/www.atelier-helga.at\/wp-content\/Portrait3.jpg\"><\/a>\u00a0<\/p>\n<p>Noch viel Spa\u00df beim Betrachten !<\/p>\n<p>PS: Anregungen sind herzlich willkommen.<\/p>\n<p><a href=\"http:\/\/www.atelier-helga.at\/wp-content\/Portrait3.jpg\"><\/a><\/p>\n","protected":false},"excerpt":{"rendered":"<p>\u00a0 Hallo, mein Name ist Helga. Kunst ist mir seit meiner Kindheit Anliegen und\u00a0Passion. \u00a0 Sie umgibt mich \u00fcberall und zeigt sich in Kleidung, Schmuck, Blumen, Arrangements und Malerei. Mit all diesen Aspekten besch\u00e4ftige ich mich in abwechselnder Intensit\u00e4t und &hellip; <a href=\"https:\/\/www.atelier-helga.at\/\">Weiterlesen <span class=\"meta-nav\">&rarr;<\/span><\/a><\/p>\n","protected":false},"author":1,"featured_media":0,"parent":0,"menu_order":0,"comment_status":"open","ping_status":"closed","template":"","meta":{"ngg_post_thumbnail":0,"footnotes":"","_links_to":"","_links_to_target":""},"class_list":["post-2","page","type-page","status-publish","hentry"],"_links":{"self":[{"href":"https:\/\/www.atelier-helga.at\/index.php?rest_route=\/wp\/v2\/pages\/2","targetHints":{"allow":["GET"]}}],"collection":[{"href":"https:\/\/www.atelier-helga.at\/index.php?rest_route=\/wp\/v2\/pages"}],"about":[{"href":"https:\/\/www.atelier-helga.at\/index.php?rest_route=\/wp\/v2\/types\/page"}],"author":[{"embeddable":true,"href":"https:\/\/www.atelier-helga.at\/index.php?rest_route=\/wp\/v2\/users\/1"}],"replies":[{"embeddable":true,"href":"https:\/\/www.atelier-helga.at\/index.php?rest_route=%2Fwp%2Fv2%2Fcomments&post=2"}],"version-history":[{"count":17,"href":"https:\/\/www.atelier-helga.at\/index.php?rest_route=\/wp\/v2\/pages\/2\/revisions"}],"predecessor-version":[{"id":12,"href":"https:\/\/www.atelier-helga.at\/index.php?rest_route=\/wp\/v2\/pages\/2\/revisions\/12"}],"wp:attachment":[{"href":"https:\/\/www.atelier-helga.at\/index.php?rest_route=%2Fwp%2Fv2%2Fmedia&parent=2"}],"curies":[{"name":"wp","href":"https:\/\/api.w.org\/{rel}","templated":true}]}}